?
7734
In base 7, what is 4200511 - -1561?
4202402
In base 3, what is 201212222020210 + 10?
201212222020220
In base 7, what is -635126 + -55?
-635214
In base 14, what is 272a43a + 9?
272a445
In base 15, what is 283ab2c + 1?
283ab2d
In base 9, what is -531787288 + 5?
-531787283
In base 2, what is 1111000111101010 + -1011001?
1111000110010001
In base 10, what is 13 + -33727845?
-33727832
In base 13, what is 2 + 275cbc2?
275cbc4
In base 2, what is 111 - -110000001110111100011?
110000001110111101010
In base 13, what is 11 + 4b232cb?
4b2330c
In base 15, what is -5 + 392b50c?
392b507
In base 12, what is -22 - -2082b?
20809
In base 7, what is 13063 - -220123?
233216
In base 12, what is b + -593601?
-5935b2
In base 4, what is 223210103331 - 103?
223210103222
In base 3, what is -1022101110012 + 10222?
-1022101022020
In base 6, what is -4105 + 32213?
24104
In base 15, what is 18901 + 70?
18971
In base 7, what is 461551 + -25?
461523
In base 14, what is 30 + db534?
db564
In base 2, what is 100 - -111001001111010011000100?
111001001111010011001000
In base 11, what is -11 + -2a77a6?
-2a7807
In base 13, what is 6030 - 824?
5509
In base 12, what is 5 - -132b3a9?
132b3b2
In base 8, what is -5 + -31335503?
-31335510
In base 7, what is 1235250 - -32160?
1300440
In base 8, what is -3 - 10162652?
-10162655
In base 6, what is -4 - -14435245?
14435241
In base 11, what is 162a99 + 3a?
163028
In base 10, what is -9255 - -87?
-9168
In base 3, what is 2011 - 101002001002?
-101001221221
In base 9, what is 3 - -11617614?
11617617
In base 14, what is 2 - 208081?
-20807d
In base 15, what is 6728 - 1159?
55be
In base 2, what is -1001010000100001011100000001 - -101?
-1001010000100001011011111100
In base 15, what is 89b + 524b?
5ae7
In base 8, what is -32150231 - -20?
-32150211
In base 2, what is -1011001 + -1000111111010110011110?
-1000111111010111110111
In base 10, what is 1351562 - -36?
1351598
In base 5, what is -220 + 1001441?
1001221
In base 9, what is -34 - -251011?
250866
In base 3, what is 2010021210201121 - -12?
2010021210201210
In base 7, what is 1216256462 - 4?
1216256455
In base 3, what is -1 - -1202222012122100?
1202222012122022
In base 8, what is 524 + 623255?
624001
In base 13, what is 296 + 56472?
56738
In base 8, what is -64443003 - -13?
-64442770
In base 16, what is 108 - -536d?
5475
In base 12, what is 222b37 - 6?
222b31
In base 13, what is -1b9ac2 + 1b?
-1b9aa4
In base 8, what is 4 + 107451?
107455
In base 13, what is -8 + 381951a?
3819512
In base 8, what is -4260 - 26441?
-32721
In base 13, what is c40a0 + -a0?
c4000
In base 2, what is 110 + 10111100010100100111010111?
10111100010100100111011101
In base 3, what is -11 - 102010220222211?
-102010220222222
In base 5, what is -20 - 1111101204?
-1111101224
In base 16, what is -68c4b - 242?
-68e8d
In base 11, what is -9 - 8601a5?
-860203
In base 7, what is 1535126 + -11?
1535115
In base 4, what is 1 - -2021221111111?
2021221111112
In base 9, what is 57573583 - 1?
57573582
In base 8, what is -1670600 + 651?
-1667727
In base 13, what is 90921c16 + -3?
90921c13
In base 3, what is 12 + -10112200221120210?
-10112200221120121
In base 6, what is 1133 + -1340254?
-1335121
In base 9, what is -35882 + -8606?
-45588
In base 14, what is -2 + -5d699?
-5d69b
In base 5, what is -4 - 2411340?
-2411344
In base 9, what is -5752 - 122?
-5874
In base 3, what is -10101220120112 + 11?
-10101220120101
In base 2, what is 11100110000101001000 + -11?
11100110000101000101
In base 15, what is -108 + -30d66?
-30e6e
In base 7, what is 4332 - -13234?
20566
In base 4, what is -2 - 32011103100?
-32011103102
In base 6, what is -5015412 + 13302?
-5002110
In base 15, what is 1a546459 - 3?
1a546456
In base 13, what is 1438 + -b70?
598
In base 11, what is 4 - 10264341?
-10264338
In base 12, what is -17 - 4ba04a3?
-4ba04ba
In base 13, what is -9 - 1329936?
-1329942
In base 7, what is -336042661 - 0?
-336042661
In base 12, what is 2026 - 674?
1572
In base 11, what is 833a483 + 4?
833a487
In base 11, what is 54 - 4a451?
-4a3a8
In base 7, what is 314531615 - -5?
314531623
In base 4, what is -30203301 + 1331123?
-22212112
In base 11, what is 400 - -17135?
17535
In base 16, what is 5 + 3fa8c?
3fa91
In base 2, what is -111 + -1011000011001111111000011?
-1011000011001111111001010
In base 2, what is 10010011000111111000010 - -1?
10010011000111111000011
In base 11, what is -a + -7a0094a?
-7a00959
In base 5, what is 1101 + 11002341?
11003442
In base 16, what is 7fd7 - 2452?
5b85
In base 2, what is 100001010010100000 - -1100011101?
100001011110111101
In base 10, what is 1 + -1526569?
-1526568
In base 15, what is -5b3 - e4?
-6a7
In base 4, what is -1 - 133110301100?
-133110301101
In base 8, what is 5 + 717445451?
717445456
In base 10, what is -8 - 7943312?
-7943320
In base 15, what is 13d + -4b9d1?
-4b893
In base 16, what is 64291 + 8?
64299
In base 15, what is -60900 + -7d?
-6097d
In base 3, what is -10120221221011 + 10021?
-10120221210220
In base 3, what is -20200100021001 + 11?
-20200100020220
In base 14, what is -167cd84db + 2?
-167cd84d9
In base 9, what is 633333 - 621?
632612
In base 15, what is -110 + 5008?
4de8
In base 15, what is -3 - -8317149?
8317146
In base 10, what is -51 - 1304846?
-1304897
In base 10, what is -4 + -39614616?
-39614620
In base 6, what is 12550 + -122525?
-105535
In base 12, what is 2b6 + -23905?
-2360b
In base 8, what is 10374044 + 30?
10374074
In base 10, what is -119 + -2228?
-2347
In base 6, what is 14022 - 142510?
-124444
In base 6, what is -242025411221 + 0?
-242025411221
In base 6, what is 42454332 - -2500?
42501232
In base 5, what is 1021433 + -4?
1021424
In base 13, what is -281 - -29bb?
273a
In base 16, what is 2 + 23b8ce1?
23b8ce3
In base 7, what is -166 + -151052?
-151251
In base 2, what is 11010001111001100110 + -10100?
11010001111001010010
In base 4, what is -1112222102 - -31323?
-1112130113
In base 6, what is 5130121 + -1534?
5124143
In base 13, what is 324 - -8b6b?
9192
In base 10, what is 832 - 3124?
-2292
In base 11, what is -590 - 67927?
-68407
In base 13, what is 8a391bca - -1?
8a391bcb
In base 11, what is -3a6317 + 10?
-3a6307
In base 9, what is 1 + 8760153?
8760154
In base 4, what is -11 + -1230012121113?
-1230012121130
In base 6, what is -50341334 + 1?
-50341333
In base 13, what is c17 - -1382?
2299
In base 4, what is -110 + -121120031010?
-121120031120
In base 14, what is -1 + a3340c5?
a3340c4
In base 3, what is -120111200112 + 120?
-120111122222
In base 2, what is 101 + 1010101010101101000000100?
1010101010101101000001001
In base 13, what is -1 - 38bcc28?
-38bcc29
In base 4, what is -3 + -10011031311101?
-10011031311110
In base 5, what is -1024 + 3222400?
3221321
In base 7, what is 1404512 + -1630?
1402552
In base 9, what is -223 + 138360?
138136
In base 8, what is 1 + -33362052?
-33362051
In base 14, what is 64682 + -34?
6464c
In base 11, what is -174764 + -662?
-175316
In base 16, what is -47 + -821?
-868
In base 16, what is 140090 + -12e?
13ff62
In base 12, what is -237379 + ab?
-23728a
In base 7, what is 52031262 + -3?
52031256
In base 9, what is 31736717 + 7?
31736725
In base 7, what is -15062625 - 10?
-15062635
In base 16, what is -141f + 12a1?
-17e
In base 8, what is -2004 + -1675?
-3701
In base 8, what is -117714 - 21?
-117735
In base 15, what is -1 - -1544b1?
1544b0
In base 12, what is -31a3439 - -4?
-31a3435
In base 13, what is -2 - 105361?
-105363
In base 12, what is 6b + 37770?
3781b
In base 7, what is -1021503062 + -5?
-1021503100
In base 16, what is 255b - 28f?
22cc
In base 13, what is 833 + -450c?
-39a9
In base 3, what is 20201211 - -102021211?
200000122
In base 16, what is -4cc + -24e4?
-29b0
In base 14, what is -d590 + 6c6?
-cca8
In base 15, what is 6 + -226c06c?
-226c066
In base 15, what is -13 - -5304a?
53037
In base 8, what is -5 + -577764452?
-577764457
In base 13, what is 3c - 289c257?
-289c218
In base 12, what is -3 - -8b373?
8b370
In base 14, what is da39a + 2?
da39c
In base 7, what is -363 + -502343?
-503036
In base 8, what is -527237432 - 3?
-527237435
In base 8, what is 20 - -13004447?
13004467
In base 9, what is 4325 - 66053?
-61627
In base 14, what is 2 + -d50dc?
-d50da
In base 6, what is 40230 - -22110?
102340
In base 10, what is 222877 + 2060?
224937
In base 3, what is -